47, 14897
What are the prime factors of 40245?
3, 5, 2683
List the prime factors of 2464744.
2, 308093
List the prime factors of 1400856.
2, 3, 58369
List the prime factors of 705440.
2, 5, 4409
What are the prime factors of 773644?
2, 269, 719
What are the prime factors of 11266994?
2, 59, 95483
List the prime factors of 228905.
5, 17, 2693
List the prime factors of 828216.
2, 3, 11503
List the prime factors of 785921.
785921
What are the prime factors of 48245?
5, 9649
List the prime factors of 2880899.
7, 411557
What are the prime factors of 1385896?
2, 191, 907
List the prime factors of 13914192.
2, 3, 227, 1277
List the prime factors of 1216456.
2, 19, 53, 151
What are the prime factors of 2165834?
2, 11, 17, 5791
List the prime factors of 110224.
2, 83
What are the prime factors of 12126196?
2, 67, 45247
What are the prime factors of 2250872?
2, 13, 23, 941
List the prime factors of 1814969.
13, 149, 937
What are the prime factors of 230076?
2, 3, 7, 11, 83
List the prime factors of 9434978.
2, 7, 149, 4523
What are the prime factors of 472200?
2, 3, 5, 787
What are the prime factors of 8497680?
2, 3, 5, 35407
List the prime factors of 2380601.
53, 44917
What are the prime factors of 1379600?
2, 5, 3449
What are the prime factors of 3694619?
3694619
What are the prime factors of 2646528?
2, 3, 1723
List the prime factors of 196321.
137, 1433
List the prime factors of 434392.
2, 7, 7757
List the prime factors of 27711439.
7, 3958777
List the prime factors of 345529.
23, 83, 181
List the prime factors of 638947.
367, 1741
List the prime factors of 4152648.
2, 3, 71, 2437
List the prime factors of 66532.
2, 16633
List the prime factors of 279717.
3, 93239
What are the prime factors of 1605516?
2, 3, 11, 12163
What are the prime factors of 11583275?
5, 11, 73, 577
What are the prime factors of 2419081?
7, 49369
What are the prime factors of 25385533?
25385533
List the prime factors of 2599918.
2, 151, 8609
List the prime factors of 13775011.
13775011
List the prime factors of 1167473.
1167473
List the prime factors of 627684.
2, 3, 19, 2753
What are the prime factors of 206799?
3, 29, 2377
What are the prime factors of 760195?
5, 152039
List the prime factors of 124307.
197, 631
List the prime factors of 2285948.
2, 7, 107, 109
List the prime factors of 2379616.
2, 74363
List the prime factors of 386271.
3, 167, 257
What are the prime factors of 958463?
11, 87133
List the prime factors of 9377498.
2, 13, 29, 12437
What are the prime factors of 235993?
409, 577
What are the prime factors of 16686739?
47, 355037
What are the prime factors of 24657070?
2, 5, 2465707
What are the prime factors of 1084831?
11, 98621
List the prime factors of 3202967.
3202967
What are the prime factors of 1601092?
2, 19, 21067
List the prime factors of 6434426.
2, 19, 169327
List the prime factors of 3181638.
2, 3, 61, 8693
List the prime factors of 27928979.
13, 2148383
What are the prime factors of 26082061?
389, 67049
List the prime factors of 1132926.
2, 3, 31, 6091
List the prime factors of 23529383.
23529383
List the prime factors of 178958.
2, 13, 6883
What are the prime factors of 1476820?
2, 5, 41, 1801
List the prime factors of 168120.
2, 3, 5, 467
What are the prime factors of 26638373?
3557, 7489
List the prime factors of 7531149.
3, 43, 79, 739
List the prime factors of 141002.
2, 70501
List the prime factors of 6884504.
2, 11, 78233
List the prime factors of 6579667.
6579667
List the prime factors of 1385931.
3, 461977
List the prime factors of 341144.
2, 42643
What are the prime factors of 95827?
79, 1213
What are the prime factors of 13704071?
73, 347, 541
What are the prime factors of 285163?
191, 1493
List the prime factors of 458782.
2, 191, 1201
What are the prime factors of 32063?
32063
List the prime factors of 172937.
23, 73, 103
What are the prime factors of 74609?
74609
List the prime factors of 340240.
2, 5, 4253
What are the prime factors of 19082401?
13, 89, 16493
List the prime factors of 40516.
2, 7, 1447
List the prime factors of 151018.
2, 7, 23, 67
List the prime factors of 3319069.
13, 255313
List the prime factors of 523048.
2, 65381
What are the prime factors of 270233?
181, 1493
List the prime factors of 1076433.
3, 358811
List the prime factors of 2710457.
2710457
What are the prime factors of 1135649?
19, 59771
List the prime factors of 309576.
2, 3, 12899
What are the prime factors of 3348779?
7, 17, 107, 263
What are the prime factors of 37822?
2, 18911
List the prime factors of 15433759.
11, 23, 53, 1151
What are the prime factors of 213143?
7, 30449
What are the prime factors of 11243753?
11243753
List the prime factors of 182057.
182057
What are the prime factors of 3153789?
3, 17, 6871
What are the prime factors of 31170?
2, 3, 5, 1039
List the prime factors of 3375131.
821, 4111
What are the prime factors of 135816?
2, 3, 5659
What are the prime factors of 812504?
2, 7, 11, 1319
What are the prime factors of 614564?
2, 153641
What are the prime factors of 433939?
11, 103, 383
List the prime factors of 509911.
509911
List the prime factors of 19400524.
2, 11, 13, 2609
What are the prime factors of 450276?
2, 3, 157, 239
What are the prime factors of 3681009?
3, 53, 7717
What are the prime factors of 200236?
2, 113, 443
List the prime factors of 7722247.
13, 167, 3557
List the prime factors of 653636.
2, 163409
List the prime factors of 21761453.
7, 3108779
List the prime factors of 40883900.
2, 5, 389, 1051
List the prime factors of 3337281.
3, 41201
What are the prime factors of 5135197?
5135197
What are the prime factors of 2928064?
2, 45751
What are the prime factors of 15031877?
7, 139, 2207
What are the prime factors of 24224861?
24224861
What are the prime factors of 377982?
2, 3, 11, 23, 83
List the prime factors of 5636619.
3, 71, 8821
List the prime factors of 5492170.
2, 5, 23, 23879
List the prime factors of 1275742.
2, 13, 139, 353
What are the prime factors of 211699?
31, 6829
List the prime factors of 234750.
2, 3, 5, 313
What are the prime factors of 853473?
3, 47, 6053
What are the prime factors of 23109116?
2, 5777279
What are the prime factors of 550066?
2, 11, 2273
List the prime factors of 5179717.
401, 12917
What are the prime factors of 2253364?
2, 73, 7717
List the prime factors of 4068346.
2, 2034173
List the prime factors of 215449.
13, 16573
List the prime factors of 2867469.
3, 11, 31, 2803
List the prime factors of 255790.
2, 5, 25579
What are the prime factors of 174029?
17, 29, 353
List the prime factors of 3190638.
2, 3, 11, 29, 1667
What are the prime factors of 15214552?
2, 31, 1979
List the prime factors of 7705152.
2, 3, 7, 13
What are the prime factors of 310423?
310423
List the prime factors of 925808.
2, 13, 4451
What are the prime factors of 2872282?
2, 7, 53, 79
List the prime factors of 591191.
569, 1039
List the prime factors of 1205845.
5, 241169
What are the prime factors of 424036?
2, 227, 467
What are the prime factors of 7795379?
7795379
List the prime factors of 1604322.
2, 3, 19, 4691
List the prime factors of 1959995.
5, 391999
List the prime factors of 29595048.
2, 3, 7, 176161
List the prime factors of 108299.
37, 2927
What are the prime factors of 7344530?
2, 5, 73, 10061
What are the prime factors of 167757?
3, 199, 281
List the prime factors of 15491140.
2, 5, 7, 110651
List the prime factors of 5280370.
2, 5, 17, 89, 349
List the prime factors of 9825263.
7, 1403609
What are the prime factors of 420942?
2, 3, 70157
What are the prime factors of 1626560?
2, 5, 13, 17, 23
What are the prime factors of 3688915?
5, 17, 43399
What are the prime factors of 214098?
2, 3, 17, 2099
List the prime factors of 130328.
2, 11, 1481
What are the prime factors of 4102943?
13, 31, 10181
List the prime factors of 294380.
2, 5, 41, 359
What are the prime factors of 2774918?
2, 1163, 1193
What are the prime factors of 174959?
174959
What are the prime factors of 131724?
2, 3, 3659
What are the prime factors of 1317628?
2, 13, 25339
What are the prime factors of 20041926?
2, 3, 607, 5503
List the prime factors of 20329342.
2, 11, 347, 2663
What are the prime factors of 21379549?
21379549
List the prime factors of 10455564.
2, 3, 7, 124471
List the prime factors of 248899.
7, 31, 3